6). What is the units digit of (-97)/(-11) - x/(-22)?
9
Let h(c) = 15*c**2 - c + 1. Let u be h(1). Let r = -21 + u. What is the units digit of 64/6 - r/(-9)?
0
What is the tens digit of (68/(-6))/(2/(-9))?
5
Let h(q) = 2*q + 9. Let x(z) = z**2 + 1. Let s be x(-2). What is the units digit of h(s)?
9
Suppose -2*v - 4 = 6. Let c = v - -3. Let m(o) = -o**3 - o**2 + o. What is the units digit of m(c)?
2
Suppose h + 29 = 5*n, -n - 1 = -6. What is the units digit of h/(-26) - (-836)/143?
6
Suppose -4 = -3*j + 5*j. Let q = j - -5. Suppose q = 5*a - 7. What is the units digit of a?
2
Let t = -50 + 91. What is the tens digit of t?
4
Let u be ((-5)/15)/(1/12). Let y = u + 13. What is the units digit of y?
9
Let h(b) = -b**3 - 4*b**2 + 8*b + 4. Let f be ((-63)/(-28))/((-3)/8). Let n be h(f). What is the units digit of 12/n - (-92)/14?
7
Let u = -9 + 6. Let w = u + 4. Let q = 5 - w. What is the units digit of q?
4
Suppose -5*c + 8 + 17 = 0. Suppose -c*a + a = -40. What is the tens digit of a?
1
Let u(k) = k**3 + 5*k**2 - k - 1. Let c be u(-5). Suppose c*m - 13 = 3*n, 2*m = -0*m + 3*n + 11. What is the units digit of (-2)/(m - (5 + -3))?
2
Let r(i) = -2*i**2 + 1. Let f(u) = 5*u**2 - u - 3. Let m(v) = 3*f(v) + 8*r(v). Let l be m(-2). What is the units digit of l*5*3/3?
5
Suppose 1 - 7 = -3*m. Let p be ((-2)/(-4))/(1/130). Suppose -p = -m*a - 3*a. What is the units digit of a?
3
Suppose 0*i = i - 5*r - 38, -i = -2*r - 38. Suppose 0 = -3*h + 3*s - 6*s + 39, 2*h + 5*s - i = 0. What is the units digit of h?
9
Let f(d) = -d**3 - 10*d**2 - 3*d + 3. Let g(c) = -c**2 + c + 1. Let m(h) = -f(h) + 3*g(h). Let s be m(-5). What is the units digit of s/15*(-9)/(-2)?
6
Let l(m) = m**2 + 4*m - 13. Let q be l(-10). Let y = -25 + q. What is the units digit of y?
2
Let y(d) = -d**3 + 5*d**2 + 2. Let h be y(5). Suppose 0 = -2*u + 2*t + 6, -h*u - 11 = -4*u - 3*t. What is the units digit of 2/(-5)*(-20)/u?
2
Let h = 112 + -67. Let v = -22 + h. What is the units digit of v?
3
Suppose -3*w - 2*w = -40. Let n be 4/(-3)*(-12)/w. Suppose -5 = -n*g + 7. What is the units digit of g?
6
Suppose 2*b = -1 + 5. Suppose -4*s - 4 = -b*n - 6*s, n = s + 12. Let v = -5 + n. What is the units digit of v?
2
Let r = 12 - 8. Suppose 0 = r*y - t + 2 - 5, 3*y = 5*t - 2. What is the units digit of 54/8 + y/4?
7
Let d = -35 + 10. Let w = d + 47. What is the units digit of w?
2
What is the units digit of 4/12 - 78/(-9)?
9
Let q = -12 + 14. Suppose -q*i + 34 = -4*j + 6, -3*j = 4*i - 89. What is the units digit of i?
0
What is the units digit of 0*1/3 + 8/1?
8
Let b = -104 + 214. What is the hundreds digit of b?
1
Let f(m) = -2 + 2*m - 8*m + 10*m. What is the units digit of f(2)?
6
Let s = -98 - -144. What is the units digit of s?
6
Suppose -4*m = -6*d + 7*d - 172, 3*d = 3*m - 144. What is the units digit of m?
4
Suppose 10 = 3*c - 188. Let d = c - 34. What is the units digit of d?
2
Suppose 0 = -3*y + 5*y + 6. Let f be 6/(-4)*10/y. Suppose f*t = 3*t + 2. What is the units digit of t?
1
Let g = 12 + -9. Suppose h = 4*r - 190, -84 = -5*r + g*r - 5*h. Let t = r + -31. What is the units digit of t?
6
What is the tens digit of (-4)/(-6) - (385/(-21) + 7)?
1
Suppose 0 = 4*p + 2*n + 70 - 560, n + 121 = p. What is the units digit of p?
2
Let t(g) = -7*g**3 + 10*g**2 + 4*g + 11. Let r = -1 + 7. Let u(c) = -c**3 + c**2 + c + 1. Let m(l) = r*u(l) - t(l). What is the units digit of m(4)?
3
Let h = 173 + -98. Suppose 6*q = q + h. What is the units digit of q?
5
Let d = 7 + -5. Suppose -23 = -g - d*k + 3*k, -k + 17 = g. What is the tens digit of g?
2
Suppose -25 = -5*x, -n + 3*x = 4*n - 5. Let z = n + 5. What is the units digit of z?
9
Let m(v) = 2*v**2 - 7*v + 1. What is the units digit of m(8)?
3
Let v(y) be the third derivative of -y**6/120 - 2*y**5/15 - 11*y**4/24 - 7*y**3/6 - 2*y**2. What is the tens digit of v(-7)?
2
Let c = -12 - -96. What is the units digit of c?
4
Suppose 17 - 5 = 3*s. Suppose g = s*g. Suppose g = -4*c + 25 + 23. What is the tens digit of c?
1
Let s = -6 + 9. Suppose 0 = -3*d - 15 - s. Let c = d + 11. What is the units digit of c?
5
Let g = 9 + 0. What is the tens digit of (306/g)/(1 + 1)?
1
Suppose -5*l = 4*v - 368, -2*v - 237 = -3*l + v. What is the tens digit of l?
7
Let a = -15 + 16. What is the units digit of a?
1
Let c = -4 - -8. Suppose -12 = -4*w + c. What is the units digit of w?
4
Let g(s) = s**3 + 4*s**2 - 6*s - 6. Let y be g(-5). Let x = 1 + y. Suppose x = 5*w - 0*q - 2*q - 68, -2*w + 24 = -4*q. What is the tens digit of w?
1
Let w = 5 + -3. Suppose -6*h + h + 15 = -w*b, -3*h = b - 9. Suppose 0*z - h = -z, -4*z = 3*o - 36. What is the units digit of o?
8
Suppose 14 - 39 = -5*p. Suppose -4*m + 37 - p = 0. What is the units digit of m?
8
Suppose -5*v + 279 - 119 = 0. Let g = 62 - 15. Let i = g - v. What is the units digit of i?
5
Suppose -6*h + h = -a - 20, h - 3*a - 18 = 0. Suppose 0 = h*o - 52 - 29. What is the tens digit of o?
2
Let d = 273 + -123. What is the units digit of d?
0
Suppose 0 = -4*w - 3*t + 31, -w + t + 4 = 3*t. Suppose 3*j - w = 2. What is the units digit of j?
4
Let y be ((-3)/9)/((-1)/9). Suppose -y*c + 4*c = 10. What is the tens digit of (c/20)/(1/28)?
1
Let j(g) = -42*g + 27. What is the hundreds digit of j(-8)?
3
Suppose -2*r - 3 = -y + 9, -2*r - 4 = -3*y. Let b be 8*22*(-1)/r. Let k = -14 + b. What is the units digit of k?
8
Let d be (2 + -1)*(7 - 6). Let a = 3 - d. What is the units digit of a?
2
Suppose 3*z = -5*u + 501, -z - 3*z + 651 = u. What is the hundreds digit of z?
1
Suppose 0*j = j - 3, -3*y + 54 = -3*j. What is the units digit of y?
1
Let j be 79 - (-3)/(-3 + 2). Suppose 5*b - j = -4*z, 4*z - 3*b - 48 = -b. Suppose -z = -f - f. What is the units digit of f?
7
Let n(q) = -48*q**2 + 12*q - 12. Let b(c) = 19*c**2 - 5*c + 5. Let l(k) = -12*b(k) - 5*n(k). What is the units digit of l(-1)?
2
Let u(y) = -8*y - 4. What is the units digit of u(-4)?
8
Let c be (-2 + 0 + 0)*1. Let d be 2*(-1)/c + -1. Suppose 3*r - 20 - 10 = d. What is the tens digit of r?
1
Let z be (-4)/6*(-15)/10. Suppose z = 4*w - 11. Suppose -w*s + 4 = -2*s. What is the units digit of s?
4
Let d = 2 - 4. Let n(z) = -z**3 - z**2 + 2*z + 1. What is the units digit of n(d)?
1
Suppose -o + 10 + 22 = 0. What is the tens digit of o?
3
Suppose -3*m + 80 = -22. What is the tens digit of m?
3
What is the units digit of (1/((-5)/(-61)))/((-5)/(-25))?
1
Let j(t) = -t**2 - 11*t + 17. Let a be j(-15). Let p = a + 81. What is the units digit of p?
8
Let v be (-5)/((-20)/564)*-1. What is the units digit of v/(-5) + 13/(-65)?
8
What is the units digit of (12/6)/(4/58)?
9
Suppose -5*j - 3*q + 20 = 0, -3*j + 3*q + 2 = 14. Let l be 1 + 0 - j/1. Let i(y) = -y + 10. What is the tens digit of i(l)?
1
Let z(i) = 2*i**3 - 20*i**2 - 14*i - 7. What is the units digit of z(11)?
1
Let k = 3 - -17. Let a(c) = 6*c - 8. Let w be a(6). Let g = w - k. What is the units digit of g?
8
What is the tens digit of ((-22)/(-4))/(2/4)?
1
What is the units digit of 18/12*136/6?
4
Let t be 257/2 - 9/(-18). Let l = 72 - t. What is the tens digit of 4/(-16) + l/(-4)?
1
Suppose 18 = 2*b - 0*b. What is the units digit of b?
9
Suppose 29 + 19 = -4*o. Let y = o + 23. What is the units digit of y?
1
Suppose -2*s = -s - 43. What is the tens digit of s?
4
Let v(j) = -j**3 + 8*j**2 - 6*j - 3. What is the units digit of v(7)?
4
Suppose 2*b + b - 141 = 0. What is the units digit of b?
7
Let p = 7 + 2. What is the units digit of (p/3)/(3/2)?
2
Suppose 0 = 3*l + i - 0 - 2, 4*l - 3*i + 6 = 0. Let v = l + 8. Suppose v = 2*o, -5*o + 2*o = -3*w - 9. What is the units digit of w?
1
Suppose 11*a - 1176 = 3*a. What is the hundreds digit of a?
1
Let n(a) = -3*a**2 + 8*a. Suppose -4*b = -3 - 5. Let d(q) = -4*q**2 + 8*q + 1. Let g(w) = b*d(w) - 3*n(w). What is the tens digit of g(9)?
1
What is the units digit of 14 - 3 - (2 - -2)?
7
Suppose v + 0*v + 4*p = 74, 0 = -4*p + 4. What is the tens digit of v?
7
What is the tens digit of (24/10)/(12/390)?
7
Suppose -2 = 2*b - 10. Suppose -54 = -b*j + 2*f, 3*j - 66 + 3 = -3*f. What is the tens digit of j?
1
Let t be 4 + (-2)/4*4. Suppose -t*h + 41 = -11. Let y = -11 + h. What is the units digit of y?
5
Suppose g + 5 = 0, 5*n - 142 = g + 68. What is the units digit of n?
1
Let x = 5 - 3. Suppose -2*g = -c + x